i) be the second derivative of p(i). Calculate d(3).
-3
Let q = 60 + -50. Let g(z) = -z + 5. What is g(q)?
-5
Let s(m) be the third derivative of m**6/120 + 7*m**5/60 + m**4/6 - m**3 + 2*m**2. Let q = -2 + -4. Determine s(q).
6
Suppose m + 9 = -2*m. Let a(u) be the first derivative of -u**4/12 - u**3/3 + 2*u**2 + u + 2. Let f(o) be the first derivative of a(o). What is f(m)?
1
Let m(n) = n**3 + 5*n**2 + 3*n - 5. Let s(j) = -j. Let b = 10 - 6. Let t(z) = b*s(z) + m(z). Calculate t(-5).
0
Suppose -5*s - 5 = -5*b, 3*s = b - 0 + 7. Suppose 3 = -h - b*m, 3 - 5 = 2*m. Let a(l) = -2*l + h + 0 - 4. Calculate a(-2).
2
Let u = 5 + -1. Let x(a) = -3*a**2 - a - u*a**3 + 4 + 5*a**3 - a - 5. Determine x(2).
-9
Suppose 3 - 5 = -2*v. Let r be ((-3)/6)/v*0. Let c(l) be the first derivative of l**3/3 + l**2/2 + 7*l + 3. Calculate c(r).
7
Let x = 0 + 3. Let h(t) be the first derivative of t**4/4 - 4*t**3/3 + 3*t**2/2 + t + 126. Determine h(x).
1
Suppose 0 = 2*y - 13 + 1. Let k(w) = -5*w - y + 3*w + 0 + 3*w. What is k(4)?
-2
Let r(g) = -g - 9. Let n be -9*1/(-6)*-4. Calculate r(n).
-3
Let i(r) be the first derivative of -2*r**3/3 + 2*r**2 + 4*r - 6. Let y(b) be the first derivative of i(b). Determine y(3).
-8
Suppose -4*o = 3*m + 6 - 25, -2*o + 4*m = 18. Let f(j) = 6*j**2 + 2*j - 1. Give f(o).
7
Let s(d) = -2*d**2 + 11*d + 17. Let y(z) = -z**2 + 5*z + 8. Let x(m) = 2*s(m) - 5*y(m). What is x(5)?
4
Let d(y) = 2*y**3 - 2*y**2 - y - 1. Let t be (-15)/2*4/(-3). Let q = t + -5. Let b = -3 + q. What is d(b)?
5
Suppose -2*i + 4*n + 0*n = 16, 3*i - 3*n = -9. Let l(d) = -6 - 2*d + 0 + 4 + d**i. Let y = -6 + 10. Determine l(y).
6
Let t(i) = i**3 - 6*i**2 - i - 6. Suppose 3*u - 3*m + 54 = 0, 5*u + 47 = -2*m - 43. Let s be u/(-4)*4/3. What is t(s)?
-12
Let v(m) = 23 + m**2 - 6*m - 8 - 5 - 6. Let p be (-2)/7 + 30/7. Calculate v(p).
-4
Let w(b) = b + 14. Let o be w(-7). Suppose -15 = 2*h - o*h. Let m(j) = 0 + 0 - j. Determine m(h).
-3
Suppose -10 + 40 = 5*n. Suppose s - 4*s = 0. Let z(u) = -3*u - u**2 + 3*u + s*u**2 + 7*u. Give z(n).
6
Suppose 0 + 5 = -5*g. Let n be 1 + -1 - g - 5. Let p(d) = 4*d**3 - 2*d - 4. Let y(q) = -q**3 + q**2 - q. Let a(t) = -p(t) - 3*y(t). What is a(n)?
0
Let f(s) = s**3 - 5. Suppose 2*l = -4 + 4. Give f(l).
-5
Let q(p) = 2*p. Let o be 1/2*(0 + 14). Suppose 5 = -0*x - x. Let v = o + x. What is q(v)?
4
Suppose 7 - 1 = -6*u. Let m(c) = 7*c**3 - c**2. Give m(u).
-8
Suppose u = 7 - 1. Let q(l) = -u*l - 2 + 4*l + 4*l**2 + 0*l**3 - l**3. What is q(3)?
1
Let z be (-1 - -1)/(-3 + 2). Let y(v) = v + 1. Let i(m) = -m - 8. Let u(r) = i(r) + 2*y(r). Determine u(z).
-6
Let d(t) = 3*t + 1. Let q(s) = -6*s**2 - 6*s + 3. Let b(f) = -f**2 - f + 1. Let j(l) = -5*b(l) + q(l). Let c be j(0). Calculate d(c).
-5
Let w(z) be the third derivative of -z**6/120 + z**5/10 - z**4/8 + 7*z**3/6 - 7*z**2. What is w(6)?
-11
Let p(y) = y**3 - 6*y**2 + 7*y - 6. Suppose -20*k = -24*k + 16. What is p(k)?
-10
Let t = -3 + 5. Let k be 1/(t/(-8)) - 2. Let p(h) = h**2 + 4*h - 8. Give p(k).
4
Let l(o) be the first derivative of -o**2 - 5*o - 1. Let y be (-663)/153 + 1 + 10/(-6). Determine l(y).
5
Let i(h) = 2*h + 2. Let c(t) = -t - 1. Let w be (30/(-18))/(1/3). Let v(g) = w*c(g) - 3*i(g). Let f be 5/4 + 2/(-8). Give v(f).
-2
Let d(p) be the first derivative of 5/3*p**3 - 5 + p + 2*p**2 + 1/4*p**4. Calculate d(-4).
1
Let x = 0 + 5. Let m(t) = t**2 + t + 12. Let q(a) = a + 1. Let h(w) = -m(w) + 6*q(w). Determine h(x).
-6
Let k = -3 + 2. Let v(n) be the third derivative of -n**6/15 - n**5/60 - n**4/24 + n**2 + 11*n. Give v(k).
8
Suppose -3*o + 4*t + 6 = 0, -3*o + 2*t + 10 = 2*o. Let j = o + -7. Let m(k) = k**2 + 7*k + 5. Give m(j).
-5
Let n(k) be the first derivative of k**3/3 + 3*k**2/2 - 4*k + 10. Calculate n(-5).
6
Let w(t) be the first derivative of -t**3/3 - 3*t**2/2 + 2*t + 2. Suppose -1 = -5*n + 3*s, -12 - 2 = -n - 4*s. Calculate w(n).
-8
Let m(a) be the third derivative of -a**5/60 - a**4/4 - 5*a**3/6 + 2*a**2. Let z be (-1*2)/(6/15). Give m(z).
0
Let m(p) be the second derivative of -1/2*p**3 + 7*p + 7/2*p**2 + 0. Determine m(5).
-8
Let b be (-3)/((-2 - 0)/(-2)). Let v(f) = 17*f + 15. Let t(s) = -6*s - 5. Let c(j) = b*v(j) - 8*t(j). Calculate c(-5).
10
Suppose 9 = -3*k, -2*c - 144 = -4*c + 4*k. Let j be 70/22 + (-12)/c. Let s(r) = -4*r**j + 4*r - r**2 - 4*r + r**3. Give s(1).
-4
Let m(f) = f**3 - f**2 + f + 6. Let u(g) = -g**3 + g**2 - g + 4. Let y = 4 - 4. Let l be u(y). Suppose 0 = -w - l*w. Determine m(w).
6
Let x(q) be the second derivative of -q**3/3 + 2*q**2 + 3*q. Determine x(6).
-8
Suppose 0 = p - 4*p + 18. Let a(g) = 7*g**3 + 6*g**2 - 2*g + 2. Let f(d) = 6*d**3 + 6*d**2 - d + 2. Let s(j) = p*f(j) - 5*a(j). Determine s(-5).
7
Let s(o) = 2 - 3 - 76*o + 2 + 75*o. Let k = -2 + -2. Give s(k).
5
Suppose -5*i = 4*j + 49, -5*i = -5*j - 0 - 5. Let t(k) = -k**3 - 5*k**2 + 7*k + 3. Calculate t(j).
-3
Let z(r) be the third derivative of -r**4/24 - r**3/3 - 2*r**2. Let v be z(-4). Let c(f) = 0 + f - 2*f**v + f**3 + 0 - 5*f. Determine c(3).
-3
Let g(t) = 8 + 1 + 3 - 10 - t. What is g(5)?
-3
Let f = -22 + 22. Let a(y) = f*y + 7*y - y**2 + 7 - 4*y. Determine a(6).
-11
Let x be (64/120*3)/((-4)/(-10)). Let f(m) = -m**3 + 6*m**2 - 3*m - 5. What is f(x)?
15
Let a(w) = 3*w - 1. Suppose -2*j + 5*n = -18, 5*n = j + 2*j - 22. Suppose 4*d - d = 3*y - 6, -j*y + 24 = 4*d. Calculate a(d).
5
Let q(o) = 2*o**2 - 2*o**2 - 3 + 4*o - o**2. What is q(5)?
-8
Let i(l) = -l + 4. Let t(o) be the first derivative of o**4/2 - o**3 - o**2/2 + 2*o - 10. Let n be t(2). Give i(n).
0
Let g(s) = s**3 + 4*s**2 - 2*s - 3. Let m be g(-4). Suppose m*d + 42 = 3*z, -4*d + 2*z = d + 38. Let h(l) = -l - 2. Calculate h(d).
4
Let z(r) = 88*r + 0*r**2 - 2*r**2 + 3*r**3 - 4*r**3 - 87*r - 1. Calculate z(-3).
5
Let f(j) = 11*j**3 - 10*j**2 + 29*j - 4. Let y(m) = -7*m**3 + 7*m**2 - 19*m + 3. Let k(z) = -5*f(z) - 8*y(z). What is k(4)?
-8
Let c be 1/1*20/2. Let f = -9 + c. Let t(k) = 2 + f + 0 - k. Give t(5).
-2
Suppose 5*u - 40 = 3*c, 5*c - 6*c = 4*u - 15. Suppose 5*s = n - 2*n + 2, u*n - 10 = 4*s. Let o(k) = k**3 + k**2 - k + 4. Calculate o(s).
4
Suppose 0 = -2*r + 3 - 7. Let b(a) = -a**2 - 3*a + 4 + a - 2. Give b(r).
2
Let w be (4 - -3)/((-4)/(-4) + 0). Let d(x) = x - 10. Calculate d(w).
-3
Let z(p) be the third derivative of p**6/120 + p**5/12 + p**4/12 - p**3/2 - p**2. Suppose -o = o + 4*j + 8, -4*o - 3*j = 16. What is z(o)?
5
Let l(r) = -r**2. Suppose 2*g + 1 - 5 = -t, -3*g = -t - 16. Let c = g + -3. What is l(c)?
-1
Let y(h) = 0*h**3 + 2*h**3 + 0*h**3 - 2 - 3*h**3. Let w(o) = -o + 6. Let i be w(6). Let k be y(i). Let s(d) = 2*d**2 + d - 2. Give s(k).
4
Let y(n) = -n**3 - 2*n**2 + 2*n + 2. Suppose 23 = -5*h + 4*h + 5*x, -5 = -x. Determine y(h).
-10
Let a = -7 + 3. Let n be a/(-3)*3/2. Suppose -4*k - 6 = q, 0 = -4*k - n*q - 9 + 1. Let s(u) = -6*u**2 - u - 1. What is s(k)?
-6
Let g(t) = -t**2 + 6*t + 2. Let q be g(6). Suppose q = 4*s - 18. Suppose 0 = -2*w - 4*a - 20, w + 0*a + s*a + 25 = 0. Let x(y) = -y + 8. Determine x(w).
8
Suppose 85 = -12*h - 5*h. Let n(d) = -d**2 - 5*d + 4. What is n(h)?
4
Let m(n) be the third derivative of -n**5/15 - n**4/24 + n**3/3 + n**2. Calculate m(-2).
-12
Let d(t) = -10*t**3 + 2*t**2 + 2*t + 1. Let u(c) = -c**2 + 6*c + 1. Let v be u(6). Suppose -3 = 2*n - v. What is d(n)?
11
Let z(o) = 1. Let x(u) = u**2 + u - 2. Let j(h) = -x(h) + 4*z(h). Let v = -6 + 10. Suppose 0*b = -v*b. Calculate j(b).
6
Let b(r) be the second derivative of -r**5/20 - r**4/6 + r**3/6 - r**2 + 10*r. Determine b(-3).
4
Let v(r) = r**3 - 2*r**2 + r - 3. Let u(q) = q - 1. Let h(z) = -5*u(z) + v(z). Let y be 2 - 4/(-12)*3. Give h(y).
-1
Let c(p) = -p**3 - p**2. Let j be 0*((-10)/4 - -2). Determine c(j).
0
Let c be (-3)/(3/12*-6). Let x(g) = -7*g - 9*g**2 - g**3 - 5 + c*g**2 + 0. Let v be ((-8)/6)/(4/18). Determine x(v).
1
Suppose -43 = -3*l - 46. Let y(a) = a**2 + 5*a**2 + 4*a**2. Calculate y(l).
10
Let j(w) = 7*w**2 - w. Suppose 0 = -3*h - h - 16. Let y(q) = -9*q - 4. Let v(b) = 5*b + 2. Let d(a) = h*y(a) - 7*v(a). Let c be d(-1). Determine j(c).
6
Let a = -16 + 10. Let i(t) = -5*t**2 + 20*t + 13. Let u(f) = f**2 - 2*f - 1. Let k(y) = -i(y) - 6*u(y). Give k(a).
5
Let x(y) = -y**3 + 5*y**2 - 2*y - 2. Let h(b) = b + 1. Let f be h